f) = -11*f**3 - 2*f**2 - 23*f + 49. Give h(2).
-93
Let n(m) = m**2 - 1167*m - 54726. Determine n(-45).
-186
Let c(k) = 2*k**2 - 5*k - 7435. Calculate c(-60).
65
Let r(z) = -z**3 - 84*z**2 - 1655*z - 951. What is r(-53)?
-315
Let s(o) = 4*o**3 - 237*o**2 - 745*o - 81. Give s(-3).
-87
Let b(s) = s**3 + 593*s**2 + 8104*s - 1255. Determine b(-579).
-97
Let f(k) = -2*k**2 + 15426*k - 46252. Determine f(3).
8
Let d(f) = -38291*f - 306443. Calculate d(-8).
-115
Let m(t) = 39*t**3 - 4369*t**2 + 120*t + 98. Determine m(112).
994
Let p(w) = 3888*w - 31048. Give p(8).
56
Let f(q) = -142*q + 448. Determine f(0).
448
Let m(r) = -18*r**3 - 157*r**2 - 244*r - 200. What is m(-7)?
-11
Let k(f) = f**3 + 45*f**2 + 229*f - 1347. Calculate k(-38).
59
Let a(x) = x**3 + 266*x**2 + 2315*x - 61. Give a(-257).
-575
Let f(r) = -104*r - 11088. Give f(-106).
-64
Let k(t) = 522*t**2 + 98134*t - 316. Determine k(-188).
60
Let g(d) = -16*d**2 + 377*d - 2218. What is g(12)?
2
Let m(y) = 3*y**2 + 1538*y - 25604. Give m(-529).
317
Let v(h) = -h**3 + 91*h**2 + 1214*h - 110781. Determine v(91).
-307
Let t(z) = -3945*z - 15794. Determine t(-4).
-14
Let r(i) = i**2 - 191*i + 2584. Calculate r(191).
2584
Let v(f) = f**2 - 70*f - 51. Determine v(14).
-835
Let n(h) = 4*h**3 + 316*h**2 - 31*h - 2397. Determine n(-79).
52
Let m(p) = 2*p**3 + 118*p**2 + 474*p + 20771. Calculate m(-58).
7
Let t(h) = 208*h**2 + 115234*h + 1113. Determine t(-554).
5
Let j(n) = 6*n**3 + n**2 + 43*n - 181. What is j(4)?
391
Let d(a) = -a**3 + 41*a**2 + 82*a + 393. What is d(43)?
221
Let f(y) = y**2 - 271*y - 60883. Determine f(-146).
-1
Let t(d) = -3998*d**2 - 19988*d + 79. Give t(-5).
69
Let a(f) = f**3 - 20*f**2 + 1069*f - 18607. Give a(18).
-13
Let z(j) = -23*j - 1583. Give z(-34).
-801
Let z(d) = -2*d**3 - 60*d**2 - 88*d - 839. Determine z(-29).
31
Let h(w) = w**3 + 34*w**2 + 263*w - 39. Give h(-22).
-17
Let c(x) = -984*x**2 + 6901*x - 3. Give c(7).
88
Let u(j) = 121141*j + 242270. Give u(-2).
-12
Let a(o) = o**3 - 57*o**2 + 6676*o - 226252. Determine a(38).
0
Let w(c) = -c**2 + 891*c - 154598. What is w(655)?
-18
Let k(p) = -2*p**3 + 1058*p**2 - 1173*p + 61770. Determine k(528).
-6
Let l(b) = b**3 + 148*b**2 + 714*b - 286. What is l(-143)?
-143
Let l(b) = -b**3 - 211*b**2 - 152*b + 12153. Give l(-210).
-27
Let i(g) = 2*g**3 + 78*g**2 - 10*g + 141. What is i(-39)?
531
Let b(h) = -311*h**3 + 928*h**2 - 123*h + 412. Calculate b(3).
-2
Let x(d) = -d**3 + 356*d**2 - 9522*d + 12767. Determine x(327).
14
Let i(j) = 2481*j**2 + 39716*j + 312. Calculate i(-16).
-8
Let f(k) = -169*k**2 - 10*k - 779. Determine f(0).
-779
Let k(o) = -8736*o - 26200. What is k(-3)?
8
Let r(l) = 5*l**2 - 79*l + 238. Determine r(6).
-56
Let p(y) = -y**3 - 137*y**2 - 4153*y - 64. Calculate p(-45).
521
Let i(f) = 9119*f + 9547586. Determine i(-1047).
-7
Let h(a) = -75*a**3 - 379*a**2 - 11*a + 7. Determine h(-5).
-38
Let j(p) = -632*p**2 + 5050*p - 16. Give j(8).
-64
Let i(q) = 6*q**3 + 68*q**2 - 1991*q + 1486. What is i(-25)?
11
Let c(t) = -1820*t - 90889. Calculate c(-50).
111
Let s(i) = -5*i**3 + 537*i**2 + 349*i - 2333. Determine s(108).
367
Let u(l) = l**3 + 46*l**2 - l. Calculate u(0).
0
Let t(c) = -22565*c + 970271. Determine t(43).
-24
Let v(l) = l**3 + 41*l**2 - 53*l + 3475. Calculate v(-44).
-1
Let z(n) = 2728*n + 463760. What is z(-170)?
0
Let x(n) = -531*n**2 - 6*n + 9. Give x(1).
-528
Let b(u) = -11*u**3 - 34*u**2 + 36*u + 4. Calculate b(-5).
349
Let n(u) = 12*u**2 + 947*u - 15611. Calculate n(14).
-1
Let h(v) = 48662*v + 8759157. Give h(-180).
-3
Let n(c) = 12*c - 460. Calculate n(-161).
-2392
Let f(g) = 3*g**3 - 38*g**2 + 259*g - 1465. Determine f(9).
-25
Let g(a) = -a**3 - 16*a**2 + 645*a + 4376. What is g(-6)?
146
Let m(f) = -16*f - 1166. Determine m(-97).
386
Let f(w) = 158*w**2 - 678*w + 1. Determine f(2).
-723
Let z(y) = 4*y**3 - 25*y**2 + 167*y - 754. Determine z(5).
-44
Let l(r) = -187*r - 11131. Calculate l(-76).
3081
Let a(s) = -s**3 + 22*s**2 + 53*s - 737. Calculate a(8).
583
Let w(j) = -j**3 + 1820*j**2 + 16458*j - 21. What is w(-9)?
6
Let a(w) = -w**2 - 2255*w - 1224383. Calculate a(-1344).
1
Let z(c) = c**2 + 373*c - 188427. Calculate z(286).
47
Let u(t) = 77886*t + 1324052. Calculate u(-17).
-10
Let h(y) = -37419*y - 336857. Calculate h(-9).
-86
Let d(g) = -g**3 - 40*g**2 - 186*g + 101. Give d(-35).
486
Let v(t) = -2*t**2 - 769*t + 68880. Give v(75).
-45
Let n(z) = 3*z**3 - 34*z**2 + z + 172. Determine n(-2).
10
Let o(z) = -173*z**2 + 164*z - 329. Calculate o(2).
-693
Let m(u) = -5907*u**2 - 141749*u + 422. What is m(-24)?
-34
Let o(n) = 5*n**2 + 97*n - 123864. Determine o(148).
12
Let n(k) = -42*k**2 + 1914*k - 1051. What is n(45)?
29
Let o(n) = n**2 - 546*n - 166. What is o(0)?
-166
Let q(z) = 24*z**2 - 719*z - 1547. Give q(32).
21
Let y(l) = 2*l**3 - 117*l**2 - 301*l - 592. Give y(61).
-348
Let r(a) = -a**3 - 17*a**2 - 38*a - 56. What is r(-17)?
590
Let x(y) = y**3 - 101*y**2 + 1058*y - 20. Calculate x(12).
-140
Let b(m) = 86*m + 1843. Calculate b(-22).
-49
Let q(c) = 12*c**3 - 22*c**2 - 10*c + 1. Determine q(3).
97
Let n(r) = 868018*r - 10416211. Determine n(12).
5
Let o(j) = 5*j**2 + 45*j + 326. What is o(-7)?
256
Let s(z) = z**3 + 215*z**2 - 856*z + 3080. Give s(-219).
-1300
Let b(z) = -2*z**3 - 31*z**2 + 309*z + 4684. Determine b(-16).
-4
Let f(m) = m**3 + 13*m**2 - 3377*m + 225. Calculate f(-65).
30
Let m(b) = -21*b**2 + 835*b + 9455. Give m(49).
-51
Let x(i) = i**3 + 204*i**2 - 97*i - 20566. Calculate x(-204).
-778
Let y(l) = 12323*l - 1121394. What is y(91)?
-1
Let s(u) = -u**2 + 19843*u - 614160. Give s(31).
12
Let w(l) = l**3 + 328*l**2 - 6957*l - 25. Determine w(20).
35
Let t(n) = -303*n**2 - 8943*n + 25. What is t(-30)?
-4385
Let c(m) = -84*m + 1357. Determine c(13).
265
Let d(i) = -16067*i + 144510. Give d(9).
-93
Let f(m) = -10*m**3 + 110*m**2 + 466*m - 5109. What is f(11)?
17
Let v(h) = -2*h**3 - 20*h**2 - 612*h - 4747. Determine v(-8).
-107
Let q(c) = 51*c + 22516. Give q(-442).
-26
Let y(k) = 40883*k - 40941. Calculate y(1).
-58
Let i(r) = 7109*r - 604276. Calculate i(85).
-11
Let y(z) = 42*z**3 - 46*z**2 - 137*z + 17. Calculate y(-3).
-1120
Let v(s) = -5*s**3 + 145*s**2 - 51*s + 1491. Determine v(29).
12
Let u(v) = 2208*v - 4343. What is u(2)?
73
Let j(w) = -w**2 - 1753*w - 691362. What is j(-599)?
-116
Let j(z) = 2*z**2 - 395*z + 6053. Calculate j(181).
80
Let q(t) = 270*t - 13180. Calculate q(37).
-3190
Let p(q) = 46*q + 4706. What is p(-136)?
-1550
Let m(g) = 7203*g - 100853. Calculate m(14).
-11
Let p(r) = -7*r**2 - 65*r + 157. Calculate p(-11).
25
Let p(u) = 7454*u + 178888. What is p(-24)?
-8
Let b(t) = 2*t**2 + 843*t + 77513. Calculate b(-286).
7
Let r(z) = -67650*z - 676497. Calculate r(-10).
3
Let z(s) = -945*s**2 + 6881*s + 24. Give z(7).
1886
Let v(k) = 172*k**2 - 892*k + 179. Calculate v(5).
19
Let v(s) = -s**2 + 11*s - 333. Calculate v(32).
-1005
Let o(q) = -q**3 + 2*q**2 - 6097*q - 36862. Give o(-6).
8
Let f(z) = 508*z - 111218. Determine f(219).
34
Let x(h) = -2*h**3 - 123*h**2 + 3579*h + 836. Calculate x(-83).
6
Let f(d) = 55*d**2 + 8218*d - 16433. Calculate f(2).
223
Let c(w) = 2*w**3 + 156*w**2 + 572*w + 9144. What is c(-75)?
-6
Let j(w) = -w**2 - 2997*w + 287506. Determine j(93).
136
Let m(z) = 842*z + 6862. Calculate m(-8).
126
Let o(a) = -a**3 + 137*a**2 + 4619*a - 618373. What is o(138)?
5
Let d(b) = 19*b**2 - 2422*b + 27255. Give d(115).
0
Let w(n) = 3404*n**2 + 34042*n + 11. Calculate w(-10).
-9
Let x(y) = y**3 + 17*y**2 + 35*y + 158. What is x(-13)?
379
Let w(u) = -40*u**2 + 38*u - 12. Determine w(6).
-1224
Let x(n) = -n**3 + 134*n**2 - 2168*n - 1948. Calculate x(115).
7
Let p(g) = -2*g**3 + 178*g**2 - 1004*g + 9. Determine p(6).
-39
Let v(b) = b**3 + 115*b**2 - 1872*b - 1136. Give v(15).
34
Let d(v) = v**3 - 903*v**2 - 12859*v + 19506. Give d(917).
249
Let w(f) = 2*f**3 - 72*f**2 + 457*f - 256. Calculate w(28).
-4
Let r(z) = -2*z**2 + 85*z + 7543. Calculate r(0).
7543
Let d(u) = 102*u**2 - 3771*u - 52. Determine d(37).
59
Let n(z) = 255*z**2 - 1029*z - 3093. What is n(-3)?
2289
Let w(o) = 4*o**3 + 90*o**2 + 8*o + 1235. Determine w(-23).
-7
Let x(m) = -2*m**2 - 284*m - 812. Calculate x(-139).
22
Let a(x) = 3197*x - 936701. Give a(293).
20
Let b(h) = -122862*h -